5*y(w). Calculate f(5).
-12
Let r(o) be the first derivative of 5*o**4/4 - o**3/3 + 3*o**2/2 - o + 4. Let a(p) = p**3 - p**2 + p - 1. Let b(i) = -4*a(i) + r(i). Give b(-4).
-9
Let n(h) = 0 - h**2 - 4*h + 0. Let j(m) = 2*m**3 - 11 - m**3 - 2 + 11*m**2 + 9*m. Let k be j(-10). What is n(k)?
3
Let n(h) = -h**3 + 6*h**2 + 8*h - 1. Let p be n(7). Suppose p*t - 2*t - 16 = 0. Let s(r) = -r**3 + 5*r**2 - 5*r + 6. Determine s(t).
2
Let x(v) = v**2 - 5*v + 3. Let g(y) = y**2 - 8*y + 11. Let a be g(7). What is x(a)?
-1
Let g(l) = -6*l**2 + 2*l + 1. Let r be (8 - 329/42) + 26/(-12). Determine g(r).
-27
Suppose 2*y + 52 = -2*y. Let k(u) = u**3 + 14*u**2 + 14*u + 17. Let z be k(y). Let l(d) = -d**3 + 6*d**2 - 5*d - 4. Give l(z).
8
Let d(x) = 2*x - 1. Let o(i) = i**3 + 7*i**2 + 7*i + 7. Let n be o(-6). Calculate d(n).
1
Let d = 23 + -21. Let u(g) = -2 + d*g + g**2 - 3*g + 0 - 2*g**2. Determine u(0).
-2
Let i(b) = b**2 - 8*b - 9. Suppose -8*z + 29 + 27 = 0. What is i(z)?
-16
Let w(r) = -6 - 10*r - r**2 - r + 5. Let q(h) = h**2 + 10*h + 2. Let p(u) = -4*q(u) - 3*w(u). Give p(-4).
7
Let z(n) be the third derivative of n**6/120 + n**5/12 + n**3 + 3*n**2. Suppose 25 = 5*p - 25. Let l be (0 + -2)*p/4. Give z(l).
6
Let b(h) be the first derivative of -h**3/3 - 5*h**2/2 + 3*h - 8. Calculate b(-4).
7
Let i(c) be the first derivative of c**5/60 - c**4/4 - 4*c**2 + 6. Let s(t) be the second derivative of i(t). Give s(4).
-8
Let v(b) = -b**3 - 19*b**2 + b + 14. Let a be v(-19). Let m(f) = -f - 7. Determine m(a).
-2
Let r(k) = 1 + 4*k - 5 + 2. Let h(v) = v**2 + 21*v - 44. Let y be h(-23). What is r(y)?
6
Let p(q) be the third derivative of q**4/24 - q**3/6 - 3*q**2. Calculate p(1).
0
Let s(o) = -5*o**2 - o. Let r be s(1). Let z(l) be the second derivative of 0 + l - 5/6*l**3 - l**2 - 1/12*l**4. Give z(r).
-8
Suppose 5*o - 10 = 5. Let v = o + -7. Let a(l) = -l**2 - 5*l + 3. Give a(v).
7
Let l(v) = -v**3 + v**2 + 3. Let u(z) = -z - 11. Let n be u(-11). Determine l(n).
3
Let h(m) = m - 2. Let f be -3 - (-5)/(10/36). Suppose -d - f = -6*d. Calculate h(d).
1
Let u = -84 - -80. Let p(t) be the first derivative of 3*t**2/2 + 5*t + 1. Determine p(u).
-7
Let p(f) be the second derivative of -f**3 - f**2/2 - 5*f. What is p(1)?
-7
Let l(m) be the second derivative of m**2 - 1/3*m**3 + 0 + 4*m. Determine l(6).
-10
Let u be -2*2/(-3 - -1). Let v be (-1 + (-2)/(-6))*-3. Let s(z) = 1 + 2*z - 1 - 2*z**2 + 0 + v. Calculate s(u).
-2
Let w(c) = -11*c**3 - 1 + 11*c - 7 - 1 - 5*c**2. Let d(b) = 7*b**3 + 3*b**2 - 7*b + 6. Let u(x) = 8*d(x) + 5*w(x). Determine u(0).
3
Let a(z) = -4 - 6*z**2 + z**2 - 1 + 7*z. Let q(d) = 14*d**2 - 20*d + 15. Let s = -25 + 8. Let v(o) = s*a(o) - 6*q(o). Determine v(0).
-5
Let k(i) = -14*i + 6. Let h(m) = 10*m + 1. Let j(y) = 5*y. Let o(d) = -2*h(d) + 5*j(d). Let n(b) = -4*k(b) - 11*o(b). Give n(-4).
-6
Let d(s) = -s - 1. Let i(g) = -7*g - 14. Let k(r) = -14*d(r) + i(r). What is k(1)?
7
Suppose 0*k - 2*k + 6 = 0. Let h(d) = 2 - 12 + 9 - d. Calculate h(k).
-4
Let p(u) = -u**2 - 3*u + 2. Let z be p(-3). Let k(j) = -j + 3*j**2 + 0*j**2 + 0*j**2 - 2*j**2 - z. Calculate k(-3).
10
Let k(g) = -7*g**3 + 6*g**2 - 4*g - 1. Let x(j) = 22*j**3 - 17*j**2 + 11*j + 3. Let i = -4 - 7. Let n(b) = i*k(b) - 4*x(b). Give n(1).
-10
Let r(c) be the first derivative of -4*c**3 - c**2/2 - c + 2. Let t be (-2)/8 - (-6)/(-8). Calculate r(t).
-12
Let c be (2*(4 + -2))/(-1). Let y(z) = -z**2 - 5*z + 2. Determine y(c).
6
Let z(w) = -4 + 7*w - 4 + 5. Let m(u) = 15*u - 6. Let c(f) = 6*m(f) - 13*z(f). Let t be -1 - (-2)/(0 - -2). What is c(t)?
3
Let s be ((-5)/(-2))/((-3)/(-6)). Suppose -3*n - 5 = u, n - s = 3*u + 5*n. Let x(v) = 9*v**2 - 1. Determine x(u).
8
Let v(b) = 6*b + 7 - 3 - 7*b - b**2. What is v(-4)?
-8
Let o(v) = -2*v + 1. Let i(r) = -r**2 + 8*r - 3. Let x(u) = -i(u) - 2*o(u). Give x(5).
6
Let q(i) = i**2 + 5*i - 5. Let z = -8 + 1. Calculate q(z).
9
Let i be (-1)/(-3) + (-1)/3. Let j(t) = i - 3 + 3*t + 4 + 0. Calculate j(3).
10
Suppose 4*t + 2*p = 0, 2*t + 2*t - 2*p + 16 = 0. Let q(r) = 4 - r + 0 - 2 + 2*r. Determine q(t).
0
Let x be 6/21 - 48/21. Let m be 76/(-18) - x/9. Let o(s) = -s - 8. What is o(m)?
-4
Suppose -4 - 21 = x. Let g be (-116)/(-10) - 10/x. Let p be (-3)/(-2) - 30/g. Let a(z) = 6*z**2 - 1. Determine a(p).
5
Let k(w) = -2*w**2 - 5 + 5 + w - 4 + w**3 + 3. Give k(3).
11
Let d(l) = -l**2 - l - 3. Suppose -3*s + 15 = -8*s. Calculate d(s).
-9
Let o(j) = 2*j**2 - 3*j - 3. Let s be o(3). Let g = 2 - s. Let r(z) = -z**3 - 3*z**2 + 4*z - 3. Calculate r(g).
-3
Let y(u) be the third derivative of -u**6/120 + u**5/10 + u**4/12 - u**3/2 - 22*u**2. Determine y(6).
9
Let o(q) = q. Let w(r) = -12*r. Let h(t) = -32*o(t) - 3*w(t). Let u be h(2). Let p(v) = 5*v - u + 3 + 2. Calculate p(2).
7
Let j(p) = -p**2 - p. Let k be j(0). Let r(d) = -d - 6. Let y(h) = 3*h - 1 + 7 + 7. Let u(s) = 5*r(s) + 2*y(s). Calculate u(k).
-4
Suppose -10 = -4*j - 2. Let n(y) = 3*y**j + y**3 + 0*y**3 + y + 1 + 0. Let v = -1 - 1. Give n(v).
3
Let g(i) be the second derivative of -i**4/12 - i**3/2 - 3*i**2/2 + 7*i. What is g(-5)?
-13
Let i(a) = -18*a**3 - 7*a + 4. Let d(s) = -6*s + s - 1 + 7*s + 6*s**3. Let r(y) = -7*d(y) - 2*i(y). What is r(1)?
-7
Suppose -23 = m - 5*u, -2*u + 15 = -5*m + 3*u. Let q(d) = 5*d + 0*d - d - m*d. What is q(-4)?
-8
Let q(t) be the second derivative of 2/3*t**3 + t**2 - 1/4*t**4 - 1/20*t**5 + 6*t + 0. Let h(v) = v**3 + 6*v**2 + 6*v + 1. Let n be h(-5). Determine q(n).
2
Let u(c) be the first derivative of -c**4/4 - 4*c**3/3 + c - 5. Let q = 11 - 15. Calculate u(q).
1
Let l = 1 + 2. Let i(p) = 2*p**2 + 1. Let k(b) = b**2 + b + 1. Let j(a) = -3*i(a) + 4*k(a). Give j(l).
-5
Let v(d) = d**3 - 4*d**2 - 2*d - 5. Suppose 6 - 14 = -2*x. What is v(x)?
-13
Let x(k) = k + 5. Let n(u) = u + 4. Let z(p) = -6*n(p) + 5*x(p). Let f be z(-1). Let j(g) = -g**3 - 2*g**2 + 3*g - 2. Calculate j(f).
-12
Let v be (-24)/(-11) - (-2)/(-11). Let b(d) be the first derivative of 3*d**2 + 2*d - 1/3*d**3 - v. Give b(4).
10
Let c = 27 + -23. Let n(z) = 2*z**2 + 2*z + 6. Let a(y) = -3*y**2 - y - 7. Let s(r) = c*n(r) + 3*a(r). Give s(4).
7
Let r(m) = 7*m + 3. Let c(t) be the second derivative of -2*t**3/3 - t**2 + 3*t. Let w(y) = -10*c(y) - 6*r(y). Let v be 1*(0 + 2 + 1). What is w(v)?
-4
Let b = 22 + -6. Suppose d = -3*d + b. Let g(v) = -3*v**3 - 6*v**2 - 2*v - 7. Let p(c) = 4*c**3 + 9*c**2 + 3*c + 10. Let x(s) = 7*g(s) + 5*p(s). What is x(d)?
-11
Let o(v) = -v + 1. Let u(g) = -g - 4. Let y(t) = -5*o(t) - u(t). Let x be ((-1)/2 - 0)*-2. Give y(x).
5
Let w(r) be the first derivative of -3*r**2 - 2 - 4/3*r**3 + 1/4*r**4 + r. Calculate w(5).
-4
Let w(l) = l**2 + 6*l - 9. Suppose -39 = 2*d + 3*d - 4*b, 27 = -4*d - b. What is w(d)?
-2
Let d(v) = -v**3 - 7*v**2 - 5*v + 7. Let z be d(-6). Let t(h) = 2*h**3 + z + 1 - h**3. Determine t(0).
2
Let x(v) = 0 + v**2 + 3 - 4*v + 1 - 2. Let r be -4*((-1 - 2) + 2). What is x(r)?
2
Let c(o) = -3*o - 12. Let f(b) = -3*b + 8. Let v(t) = -2*t + 8. Let n(i) = 4*f(i) - 5*v(i). Let y(m) = -5*c(m) + 7*n(m). Suppose -6 = -7*k + 9*k. What is y(k)?
1
Let t(n) = -2*n - 3. Suppose 0 = -3*v + 2*s + 113, 2*s + 0 = -8. Suppose 50 = -5*y + 5*x, 5*y + v = -4*x + 6*x. What is t(y)?
7
Let p(r) be the first derivative of 2 + 0*r - 3/2*r**2 + 2/3*r**3. Calculate p(3).
9
Let w(n) = -n**2 + 5*n. Suppose -105*m - 12 = -108*m. Give w(m).
4
Let a(c) = -2 + 3 + 2 - 2*c + 1. Let n = 2 + 3. Suppose -r = -3*j - 5*r, -2*j = -n*r - 23. What is a(j)?
-4
Let y be (6/(-9))/(-2)*15. Let q(d) = 5 - d - 1 - 1 + 2. Determine q(y).
0
Let t be 1/5 - 77/35. Let d(n) = 3*n**3 + 3*n**2 + 3*n + 2. Give d(t).
-16
Let g(j) be the first derivative of -j**4/24 + j**3/3 - 2*j**2 + 2. Let x(t) be the second derivative of g(t). Give x(3).
-1
Let k(z) = -5*z**3 + 6*z**2 + 1. Let g(d) = d**3 - d. Let u(r) = -4*g(r) - k(r). What is u(5)?
-6
Let w(d) = -6*d**3 + 7*d**3 + 0*d**2 + d + d**2 - 8. Give w(0).
-8
Let l be 1 + -2 + 5/1. Let y(j) be the second derivative of -j**6/720 + j**4/4 + j. Let v(g) be the third derivative of y(g). What is v(l)?
-4
Suppose 3*o - 6*o = -12. Let l(p) = -4*p + p**3 - 15 - 21 + 38 - 3*p**2. What is l(o)?
2
Let q(x) be the first derivative of x**2/2 + 4*x + 2. Let s be q(-3). Let k(f) = -13*f**3 - 10 + 11 + 